) = -4*b(r) + 5*i(r). Let o be s(-11). What is the highest common divisor of 26 and o?
26
Let a(n) = 4*n**2 - 107*n + 8. Let m be a(27). Let l = 0 + 0. Let u(y) = y**3 - y**2 + 7. Let v be u(l). Calculate the highest common factor of v and m.
7
Let c be ((-4)/(-2)*84)/1. Let f = 247 + -19. Suppose -f = -6*l - 102. What is the highest common factor of l and c?
21
Suppose -4*z = -4*r - 244, -5*r + 1 = -14. Let n(f) = -8*f - 26 - f + 8*f - 127 + 8*f. Let d be n(23). What is the greatest common divisor of d and z?
8
Let b(m) = -m**3 + 7*m**2 + 6*m - 24. Let w be b(5). What is the greatest common divisor of w and 2072?
56
Let h(z) = 4*z**2 + 3. Let y be h(-2). Suppose -3887 = 11*f - 14128. Suppose -f = o - 8*o. Calculate the highest common divisor of o and y.
19
Let v = 130 + 22. Let s = 159 - v. Calculate the greatest common divisor of 203 and s.
7
Suppose -6*s = -14*s + 8. Let y be s/2*(5 - -9). Let v(p) = -p**3 - 4*p**2 + 9*p - 7. Let x be v(-7). Calculate the highest common divisor of x and y.
7
Suppose 3*u - 3*h = 36, -4*u = 19*h - 18*h - 53. Let x = -11 + -1. Let b(k) = -7*k - 32. Let i be b(x). What is the highest common divisor of i and u?
13
Suppose 0*n + 2*n = 88. Let k = -42 + n. What is the highest common factor of k and 7?
1
Suppose 5*f - 1199 = 4*z, -4*f + 999 + 16 = 3*z. What is the greatest common divisor of f and 209?
19
Let z(h) = -h**2 - 65*h - 843. Let n be z(-36). Calculate the greatest common divisor of 4623 and n.
201
Let g(h) = 127*h - 220. Let s be g(2). Suppose 4*z - 374 = 2*z. What is the highest common factor of z and s?
17
Let o be (-18)/36 - (-22)/4. Let m be o*(-1 - -5)*(-3)/(-15). Suppose m*b = 89 + 551. Calculate the highest common factor of 20 and b.
20
Suppose y - 250 = -h, -5*h + 3*y - y + 1271 = 0. Suppose 9 = -4*b + 1. Let i be 50*(-4)/(-8) + b. What is the highest common factor of i and h?
23
Let g be 4 + (2 - 50/5) - -1132. Calculate the highest common factor of g and 120.
24
Let i = -67 - -137. Let m = 237 + i. Suppose m = -4*n + 991. Calculate the highest common divisor of 19 and n.
19
Let s be ((-15)/(-4))/(10116/672 - 15). Calculate the greatest common divisor of s and 98.
14
Suppose p - 4*c = 22, -2*c = 2*p + c. Suppose -2 = -7*i + p*i. Suppose -i*d = 2*d - 24. Calculate the greatest common factor of d and 48.
6
Let c(i) = 4*i - 50. Let v(g) = -13*g + 149. Let b(n) = 8*c(n) + 3*v(n). Let r be b(-10). Let f = -99 + r. Calculate the highest common factor of 6 and f.
6
Let p(w) = 12*w**2 - 6*w + 8. Let k(v) = -v**3 + 2*v**2 + 7*v + 6. Let l be k(4). Let f be p(l). Calculate the greatest common divisor of f and 704.
44
Suppose -172 - 47 = -73*t. Suppose -7*w + 20 = -3*w. What is the greatest common divisor of t and w?
1
Suppose u - 5*c = -2*u + 475, -4 = -4*c. Suppose 5*n = -4*z + 66, 18 = -0*n + n + 2*z. What is the greatest common factor of n and u?
10
Let j(k) = 6*k - k + 38 - 6*k + 3*k. Let m be j(-7). Suppose 6*y + m = 96. What is the greatest common factor of y and 156?
12
Let k = -4116 - -4260. What is the greatest common divisor of k and 171?
9
Let q = 6656 + -5828. Calculate the highest common factor of q and 115.
23
Let y(m) = 6*m + 64. Let w(u) = u + 13. Let g(f) = 14*w(f) - 3*y(f). Let n = 2113 - 2116. Let a be g(n). Calculate the greatest common factor of 16 and a.
2
Let f = -14 + 31. Suppose 4*n - 1092 = 4*o + 2*n, 2*n = -5*o - 1347. Let j = o - -322. Calculate the highest common factor of f and j.
17
Suppose -9*f + 6*f = 0. Suppose 0 = -11*r - f*r + 33. Let x = 61 + r. Calculate the highest common factor of x and 32.
32
Let h = 86 + 9. Suppose f - 100 = -4*g - 10, f + 3*g - h = 0. Let s be (3 - (-26)/(-10))*(25 - 0). Calculate the greatest common factor of s and f.
10
Let r(f) = 2*f**2 - 3*f - 31. Let y be r(12). Let c = 272 - y. Calculate the greatest common divisor of c and 34.
17
Suppose -3189 = -q - j, -q - 4*j + 9*j = -3189. Suppose -5*c + q = 244. What is the highest common divisor of 31 and c?
31
Let a be -5 - 300/125*40/(-3). Calculate the greatest common divisor of 684 and a.
9
Suppose 4 = 3*x - 5. Suppose 0 = x*f + 12, v - 299 = 4*v + 5*f. Let y = v - -327. What is the highest common divisor of y and 26?
26
Let v = 1605 - 1563. What is the highest common factor of 1092 and v?
42
Let o(j) = j**2 - 10*j + 19. Let x be o(10). Let d = 23 - x. Suppose 20 = -32*c + 37*c. Calculate the greatest common divisor of d and c.
4
Let h(d) = -d**3 + 18*d**2 + 18*d + 32. Let r be h(19). Suppose -p + 0*s = 2*s - 4, -p + s + r = 0. What is the highest common divisor of 20 and p?
10
Suppose -3*i + 5*g - 7*g + 1286 = 0, -3*i + 2*g + 1306 = 0. What is the highest common divisor of i and 960?
48
Suppose 0 = v - 6*v + 1040. Let c = 73 + -127. Let s be (-1413)/c + 1/(-6). What is the greatest common divisor of s and v?
26
Let f(l) = -7*l - 6. Let b(q) = -2*q - 7 - 23 + 3*q + 6. Let n be b(14). Let y be f(n). Calculate the highest common divisor of y and 4.
4
Let y(j) = 9*j - 20. Let d be y(-6). Let m = -75 - d. Let k be m - (-18)/(-24)*8/(-2). Calculate the highest common factor of k and 16.
2
Let z(i) = -70*i**3 - 7*i**2 - 4*i - 1. Let d be z(-2). Calculate the greatest common factor of 14 and d.
7
Suppose 0 = -8*q - 283 - 301. Let c = q + 28. Let i be (c/3)/((-3)/3). What is the greatest common divisor of 3 and i?
3
Suppose 0*f - 384 = -4*f. Let k(x) = 12*x**2 + 3*x - 91. Let u be k(-3). What is the greatest common divisor of u and f?
8
Suppose -88 = -2*s + 40. Let l = s + -34. Calculate the greatest common divisor of 12 and l.
6
Let z = 16054 - 15970. What is the greatest common factor of 1148 and z?
28
Suppose 2*y - 7*d = -6*d - 21, -2*y - 12 = 2*d. Let k be ((-47 - -4) + 3)/(6/y). What is the highest common factor of k and 255?
15
Let s = 35 + -31. Let j = 99 - 110. Let f(z) = z**2 + 9*z - 20. Let i be f(j). What is the highest common divisor of i and s?
2
Suppose 44*f - 95 - 81 = 0. What is the greatest common divisor of f and 146?
2
Suppose -4*a = 4*s - 548, 320 = 3*a + 5*s - 85. What is the greatest common factor of a and 8?
4
Let p(w) = w**3 + 4*w**2 - 62*w + 32. Let z be p(6). What is the greatest common divisor of z and 1090?
10
Suppose -4*s = 3*z - 23, 4*z + 4*s - 22 = 2. Let i be 4/(-3)*3/2. Let b be (1 + 1)*i/(-4). Calculate the greatest common factor of z and b.
1
Let j(q) be the second derivative of -2*q**3 - 51*q**2/2 - 155*q. Let w be j(-5). Let c = -27 - -135. Calculate the greatest common factor of w and c.
9
Let u be 122 - 117 - (-6162 + (-4 - -4)). Calculate the greatest common divisor of u and 28.
7
Let q be ((-6)/30)/(3/(-15)) + 463. Suppose -w = 1 - 17. Calculate the greatest common factor of w and q.
16
Let b = -10000 - -10294. Suppose o = -3*o + 168. Calculate the highest common factor of b and o.
42
Let h = 224 + -218. Let d be (-5)/(-180)*h - (-3694)/12. Calculate the greatest common factor of 44 and d.
44
Let j(m) = -3*m - 3. Let u be j(-2). Suppose -8 = -4*z - 5*k, -z - 266*k = -261*k + 13. Calculate the highest common factor of u and z.
1
Let z be (-39576)/306*3/(-2). What is the greatest common factor of 9506 and z?
194
Let g = -151 + 153. Suppose 3*p = 2*j + 46, 0 = -9*j + 11*j - g. Suppose u - 40 = -0*u. What is the highest common factor of u and p?
8
Suppose 2*o = -3*o + 100. Suppose 66 = 24*v - 54. Suppose 24*u = v*u + 570. What is the highest common factor of u and o?
10
Suppose 42*y - 11*y = -1065 + 17123. What is the greatest common divisor of 196 and y?
14
Suppose -2*o - 642 = -4*v, -3*v - 5*o + 168 = -294. Let t = -2759 - -3183. Calculate the highest common divisor of v and t.
53
Let m(y) = -y**3 - 33*y**2 - 68*y - 74. Let g be m(-31). Suppose -226*f = -218*f - g. Calculate the highest common divisor of f and 77.
7
Let r(y) = 7*y**2 + 50*y + 207. Let a be r(-9). What is the highest common factor of 252 and a?
36
Let r be 9 + (-150)/35 + 2/7. Suppose r*c + 2*m - 43 = 0, 0 = 5*c - 2*m - 18 - 29. Suppose 3*p - 2*p = 261. Calculate the highest common factor of p and c.
9
Let x = -13842 + 13851. Let z be (-2827)/(-2) - (-2 + 5/2). What is the greatest common factor of x and z?
9
Let g = -1724 + 1848. Calculate the highest common divisor of g and 4588.
124
Let f be 384/(-216) + (-3 - (-75)/27). Let a be f/(-9) + 10976/18. Calculate the highest common divisor of 20 an